CRAN Package Check Results for Package sparseIndexTracking

Last updated on 2019-04-21 01:48:06 CEST.

Flavor Version Tinstall Tcheck Ttotal Status Flags
r-devel-linux-x86_64-debian-clang 0.1.0 2.73 337.46 340.19 OK
r-devel-linux-x86_64-debian-gcc 0.1.0 2.81 249.56 252.37 OK
r-devel-linux-x86_64-fedora-clang 0.1.0 394.90 OK
r-devel-linux-x86_64-fedora-gcc 0.1.0 401.42 OK
r-devel-windows-ix86+x86_64 0.1.0 8.00 336.00 344.00 OK
r-patched-linux-x86_64 0.1.0 2.60 163.03 165.63 OK
r-patched-solaris-x86 0.1.0 747.60 WARN
r-release-linux-x86_64 0.1.0 1.74 163.56 165.30 OK
r-release-windows-ix86+x86_64 0.1.0 4.00 401.00 405.00 OK
r-release-osx-x86_64 0.1.0 WARN
r-oldrel-windows-ix86+x86_64 0.1.0 3.00 423.00 426.00 OK
r-oldrel-osx-x86_64 0.1.0 WARN

Check Details

Version: 0.1.0
Check: re-building of vignette outputs
Result: WARN
    Error(s) in re-building vignettes:
     ...
    --- re-building ‘SparseIndexTracking-vignette.Rmd’ using rmarkdown
    Warning in engine$weave(file, quiet = quiet, encoding = enc) :
     Pandoc (>= 1.12.3) and/or pandoc-citeproc not available. Falling back to R Markdown v1.
    Loading required package: zoo
    
    Attaching package: 'zoo'
    
    The following objects are masked from 'package:base':
    
     as.Date, as.Date.numeric
    
    Quitting from lines 249-254 (SparseIndexTracking-vignette.Rmd)
    Error: processing vignette 'SparseIndexTracking-vignette.Rmd' failed with diagnostics:
    The engine "block2" is for R Markdown only
    --- failed re-building ‘SparseIndexTracking-vignette.Rmd’
    
    SUMMARY: processing the following file failed:
     ‘SparseIndexTracking-vignette.Rmd’
    
    Error: Vignette re-building failed.
    Execution halted
Flavor: r-patched-solaris-x86

Version: 0.1.0
Check: re-building of vignette outputs
Result: WARN
    Error in re-building vignettes:
     ...
    Warning in engine$weave(file, quiet = quiet, encoding = enc) :
     Pandoc (>= 1.12.3) and/or pandoc-citeproc not available. Falling back to R Markdown v1.
    Loading required package: zoo
    
    Attaching package: 'zoo'
    
    The following objects are masked from 'package:base':
    
     as.Date, as.Date.numeric
    
    Quitting from lines 249-254 (SparseIndexTracking-vignette.Rmd)
    Error: processing vignette 'SparseIndexTracking-vignette.Rmd' failed with diagnostics:
    The engine "block2" is for R Markdown only
    Execution halted
Flavors: r-release-osx-x86_64, r-oldrel-osx-x86_64