CRAN Package Check Results for Package specmine

Last updated on 2019-04-21 01:48:06 CEST.

Flavor Version Tinstall Tcheck Ttotal Status Flags
r-devel-linux-x86_64-debian-clang 2.0.3 20.22 238.59 258.81 NOTE
r-devel-linux-x86_64-debian-gcc 2.0.3 16.60 191.87 208.47 NOTE
r-devel-linux-x86_64-fedora-clang 2.0.3 1.85 ERROR
r-devel-linux-x86_64-fedora-gcc 2.0.3 295.89 NOTE
r-devel-windows-ix86+x86_64 2.0.3 65.00 330.00 395.00 WARN
r-patched-linux-x86_64 2.0.3 20.92 234.59 255.51 NOTE
r-release-linux-x86_64 2.0.3 16.64 217.43 234.07 NOTE
r-release-windows-ix86+x86_64 2.0.3 84.00 240.00 324.00 NOTE
r-release-osx-x86_64 2.0.3 ERROR
r-oldrel-windows-ix86+x86_64 2.0.3 196.00 360.00 556.00 NOTE
r-oldrel-osx-x86_64 2.0.3 ERROR

Check Details

Version: 2.0.3
Check: package dependencies
Result: NOTE
    Package suggested but not available for checking: 'rcytoscapejs'
Flavors: r-devel-linux-x86_64-debian-clang, r-devel-linux-x86_64-debian-gcc, r-devel-linux-x86_64-fedora-gcc, r-patched-linux-x86_64, r-release-linux-x86_64, r-release-windows-ix86+x86_64, r-oldrel-windows-ix86+x86_64

Version: 2.0.3
Check: package dependencies
Result: ERROR
    Packages required but not available: 'xcms', 'MAIT'
    
    Package suggested but not available for checking: ‘rcytoscapejs’
    
    See section ‘The DESCRIPTION file’ in the ‘Writing R Extensions’
    manual.
Flavor: r-devel-linux-x86_64-fedora-clang

Version: 2.0.3
Check: contents of ‘data’ directory
Result: WARN
    Output for data("spinalCord", package = "specmine"):
     Warning message:
     In fun(libname, pkgname) :
     mzR has been built against a different Rcpp version (1.0.0)
     than is installed on your system (1.0.1). This might lead to errors
     when loading mzR. If you encounter such issues, please send a report,
     including the output of sessionInfo() to the Bioc support forum at
     https://support.bioconductor.org/. For details see also
     https://github.com/sneumann/mzR/wiki/mzR-Rcpp-compiler-linker-issue.
Flavor: r-devel-windows-ix86+x86_64

Version: 2.0.3
Check: package dependencies
Result: ERROR
    Packages required but not available: ‘xcms’ ‘MAIT’
    
    Package suggested but not available for checking: ‘rcytoscapejs’
    
    See section ‘The DESCRIPTION file’ in the ‘Writing R Extensions’
    manual.
Flavor: r-release-osx-x86_64

Version: 2.0.3
Check: package dependencies
Result: ERROR
    Package required but not available: ‘MAIT’
    
    Package suggested but not available for checking: ‘rcytoscapejs’
    
    See section ‘The DESCRIPTION file’ in the ‘Writing R Extensions’
    manual.
Flavor: r-oldrel-osx-x86_64