CRAN Package Check Results for Package sptemExp

Last updated on 2019-04-21 01:48:06 CEST.

Flavor Version Tinstall Tcheck Ttotal Status Flags
r-devel-linux-x86_64-debian-clang 0.1.3 80.61 64.71 145.32 OK
r-devel-linux-x86_64-debian-gcc 0.1.3 76.02 60.81 136.83 OK
r-devel-linux-x86_64-fedora-clang 0.1.3 219.50 NOTE
r-devel-linux-x86_64-fedora-gcc 0.1.3 196.12 NOTE
r-devel-windows-ix86+x86_64 0.1.3 227.00 162.00 389.00 NOTE
r-patched-linux-x86_64 0.1.3 84.85 65.69 150.54 OK
r-patched-solaris-x86 0.1.3 235.20 NOTE
r-release-linux-x86_64 0.1.3 83.72 64.71 148.43 OK
r-release-windows-ix86+x86_64 0.1.3 177.00 185.00 362.00 NOTE
r-release-osx-x86_64 0.1.3 NOTE
r-oldrel-windows-ix86+x86_64 0.1.3 226.00 182.00 408.00 NOTE
r-oldrel-osx-x86_64 0.1.3 NOTE

Check Details

Version: 0.1.3
Check: installed package size
Result: NOTE
     installed size is 17.1Mb
     sub-directories of 1Mb or more:
     data 3.4Mb
     libs 12.8Mb
Flavors: r-devel-linux-x86_64-fedora-clang, r-devel-windows-ix86+x86_64, r-release-windows-ix86+x86_64, r-release-osx-x86_64, r-oldrel-windows-ix86+x86_64, r-oldrel-osx-x86_64

Version: 0.1.3
Check: dependencies in R code
Result: NOTE
    Namespaces in Imports field not imported from:
     ‘BayesX’ ‘BayesXsrc’ ‘automap’ ‘plyr’ ‘rgdal’ ‘splines’
     All declared Imports should be used.
Flavors: r-devel-linux-x86_64-fedora-clang, r-devel-linux-x86_64-fedora-gcc, r-patched-solaris-x86, r-release-osx-x86_64, r-oldrel-osx-x86_64