CRAN Package Check Results for Package stminsights

Last updated on 2019-04-21 01:48:07 CEST.

Flavor Version Tinstall Tcheck Ttotal Status Flags
r-devel-linux-x86_64-debian-clang 0.3.0 9.81 87.18 96.99 ERROR
r-devel-linux-x86_64-debian-gcc 0.3.0 8.92 93.71 102.63 OK
r-devel-linux-x86_64-fedora-clang 0.3.0 129.02 NOTE
r-devel-linux-x86_64-fedora-gcc 0.3.0 123.54 NOTE
r-devel-windows-ix86+x86_64 0.3.0 29.00 113.00 142.00 OK
r-patched-linux-x86_64 0.3.0 8.31 97.84 106.15 OK
r-patched-solaris-x86 0.3.0 216.50 NOTE
r-release-linux-x86_64 0.3.0 6.25 94.94 101.19 OK
r-release-windows-ix86+x86_64 0.3.0 12.00 115.00 127.00 OK
r-release-osx-x86_64 0.3.0 NOTE
r-oldrel-windows-ix86+x86_64 0.3.0 21.00 169.00 190.00 OK
r-oldrel-osx-x86_64 0.3.0 NOTE

Check Details

Version: 0.3.0
Check: examples
Result: ERROR
    Running examples in 'stminsights-Ex.R' failed
    The error most likely occurred in:
    
    > base::assign(".ptime", proc.time(), pos = "CheckExEnv")
    > ### Name: get_diag
    > ### Title: computes stm model diagnostics
    > ### Aliases: get_diag
    >
    > ### ** Examples
    >
    >
    > library(stm)
    stm v1.3.3 (2018-1-26) successfully loaded. See ?stm for help.
     Papers, resources, and other materials at structuraltopicmodel.com
    > library(dplyr)
    
    Attaching package: 'dplyr'
    
    The following objects are masked from 'package:stats':
    
     filter, lag
    
    The following objects are masked from 'package:base':
    
     intersect, setdiff, setequal, union
    
    > library(ggplot2)
    > library(quanteda)
    Package version: 1.4.3
    Parallel computing: 2 of 32 threads used.
    See https://quanteda.io for tutorials and examples.
    
    Attaching package: 'quanteda'
    
    The following object is masked from 'package:utils':
    
     View
    
    >
    > # prepare data
    > data <- corpus(gadarian, text_field = 'open.ended.response')
    > docvars(data)$text <- texts(data)
    > data <- dfm(data, stem = TRUE, remove = stopwords('english'),
    + remove_punct = TRUE)
    > out <- convert(data, to = 'stm')
    >
    > # fit models
    > gadarian_3 <- stm(documents = out$documents,
    + vocab = out$vocab,
    + data = out$meta,
    + prevalence = ~ treatment + s(pid_rep),
    + K = 3,
    + max.em.its = 1, # reduce computation time for example
    + verbose = FALSE)
    Error in hpbcpp(optim.out$par, doc_ct = doc.ct, mu = mu, siginv = siginv, :
     BLAS/LAPACK routine 'DTRTI2' gave error code -1
    Calls: stm ... stm.control -> estep -> logisticnormalcpp -> hpbcpp
    Execution halted
Flavor: r-devel-linux-x86_64-debian-clang

Version: 0.3.0
Check: dependencies in R code
Result: NOTE
    Namespaces in Imports field not imported from:
     ‘huge’ ‘readr’ ‘scales’ ‘shinyjs’
     All declared Imports should be used.
Flavors: r-devel-linux-x86_64-fedora-clang, r-devel-linux-x86_64-fedora-gcc, r-patched-solaris-x86, r-release-osx-x86_64, r-oldrel-osx-x86_64