CRAN Package Check Results for Package stopwords

Last updated on 2019-04-21 01:48:07 CEST.

Flavor Version Tinstall Tcheck Ttotal Status Flags
r-devel-linux-x86_64-debian-clang 0.9.0 1.75 18.53 20.28 OK
r-devel-linux-x86_64-debian-gcc 0.9.0 2.11 18.79 20.90 OK
r-devel-linux-x86_64-fedora-clang 0.9.0 24.73 NOTE
r-devel-linux-x86_64-fedora-gcc 0.9.0 23.52 NOTE
r-devel-windows-ix86+x86_64 0.9.0 5.00 48.00 53.00 OK
r-patched-linux-x86_64 0.9.0 1.74 18.82 20.56 OK
r-patched-solaris-x86 0.9.0 40.50 NOTE
r-release-linux-x86_64 0.9.0 1.11 17.53 18.64 OK
r-release-windows-ix86+x86_64 0.9.0 3.00 47.00 50.00 OK
r-release-osx-x86_64 0.9.0 NOTE
r-oldrel-windows-ix86+x86_64 0.9.0 3.00 38.00 41.00 OK
r-oldrel-osx-x86_64 0.9.0 NOTE

Check Details

Version: 0.9.0
Check: data for non-ASCII characters
Result: NOTE
     Note: found 11790 marked UTF-8 strings
Flavors: r-devel-linux-x86_64-fedora-clang, r-devel-linux-x86_64-fedora-gcc, r-patched-solaris-x86, r-release-osx-x86_64, r-oldrel-osx-x86_64