Last updated on 2019-04-21 01:48:07 CEST.
Flavor | Version | Tinstall | Tcheck | Ttotal | Status | Flags |
---|---|---|---|---|---|---|
r-devel-linux-x86_64-debian-clang | 1.3-0 | 115.52 | 153.33 | 268.85 | WARN | |
r-devel-linux-x86_64-debian-gcc | 1.3-0 | 89.66 | 121.93 | 211.59 | OK | |
r-devel-linux-x86_64-fedora-clang | 1.3-0 | 372.79 | WARN | |||
r-devel-linux-x86_64-fedora-gcc | 1.3-0 | 335.75 | OK | |||
r-devel-windows-ix86+x86_64 | 1.3-0 | 322.00 | 342.00 | 664.00 | OK | |
r-patched-linux-x86_64 | 1.3-0 | 104.23 | 150.00 | 254.23 | OK | |
r-patched-solaris-x86 | 1.3-0 | 375.50 | OK | |||
r-release-linux-x86_64 | 1.3-0 | 107.52 | 150.01 | 257.53 | OK | |
r-release-windows-ix86+x86_64 | 1.3-0 | 258.00 | 322.00 | 580.00 | OK | |
r-release-osx-x86_64 | 1.3-0 | WARN | ||||
r-oldrel-windows-ix86+x86_64 | 1.3-0 | 303.00 | 311.00 | 614.00 | OK | |
r-oldrel-osx-x86_64 | 1.3-0 | NOTE |
Version: 1.3-0
Check: whether package can be installed
Result: WARN
Found the following significant warnings:
BIRCH/CFTree.cpp:18:6: warning: 'this' pointer cannot be null in well-defined C++ code; comparison may be assumed to always evaluate to true [-Wtautological-undefined-compare]
Flavors: r-devel-linux-x86_64-debian-clang, r-devel-linux-x86_64-fedora-clang, r-release-osx-x86_64
Version: 1.3-0
Check: installed package size
Result: NOTE
installed size is 10.6Mb
sub-directories of 1Mb or more:
doc 1.6Mb
libs 8.2Mb
Flavors: r-devel-linux-x86_64-fedora-clang, r-release-osx-x86_64, r-oldrel-osx-x86_64