Last updated on 2019-04-21 01:48:08 CEST.
Flavor | Version | Tinstall | Tcheck | Ttotal | Status | Flags |
---|---|---|---|---|---|---|
r-devel-linux-x86_64-debian-clang | 0.1.6 | 7.64 | 58.98 | 66.62 | OK | |
r-devel-linux-x86_64-debian-gcc | 0.1.6 | 7.65 | 48.09 | 55.74 | OK | |
r-devel-linux-x86_64-fedora-clang | 0.1.6 | 78.88 | NOTE | |||
r-devel-linux-x86_64-fedora-gcc | 0.1.6 | 73.30 | NOTE | |||
r-devel-windows-ix86+x86_64 | 0.1.6 | 26.00 | 112.00 | 138.00 | OK | |
r-patched-linux-x86_64 | 0.1.6 | 7.54 | 56.80 | 64.34 | OK | |
r-patched-solaris-x86 | 0.1.6 | 122.50 | NOTE | |||
r-release-linux-x86_64 | 0.1.6 | 6.68 | 54.98 | 61.66 | OK | |
r-release-windows-ix86+x86_64 | 0.1.6 | 10.00 | 126.00 | 136.00 | OK | |
r-release-osx-x86_64 | 0.1.6 | NOTE | ||||
r-oldrel-windows-ix86+x86_64 | 0.1.6 | 15.00 | 110.00 | 125.00 | OK | |
r-oldrel-osx-x86_64 | 0.1.6 | NOTE |
Version: 0.1.6
Check: dependencies in R code
Result: NOTE
Namespace in Imports field not imported from: ‘grDevices’
All declared Imports should be used.
Flavors: r-devel-linux-x86_64-fedora-clang, r-devel-linux-x86_64-fedora-gcc, r-patched-solaris-x86, r-release-osx-x86_64, r-oldrel-osx-x86_64
Version: 0.1.6
Check: data for non-ASCII characters
Result: NOTE
Note: found 97 marked UTF-8 strings
Flavors: r-devel-linux-x86_64-fedora-clang, r-devel-linux-x86_64-fedora-gcc, r-patched-solaris-x86, r-release-osx-x86_64, r-oldrel-osx-x86_64