CRAN Package Check Results for Package tergm

Last updated on 2019-04-21 01:48:08 CEST.

Flavor Version Tinstall Tcheck Ttotal Status Flags
r-devel-linux-x86_64-debian-clang 3.5.2 18.14 484.83 502.97 OK
r-devel-linux-x86_64-debian-gcc 3.5.2 15.40 478.86 494.26 OK
r-devel-linux-x86_64-fedora-clang 3.5.2 638.74 OK
r-devel-linux-x86_64-fedora-gcc 3.5.2 626.65 OK
r-devel-windows-ix86+x86_64 3.5.2 53.00 261.00 314.00 OK --no-vignettes
r-patched-linux-x86_64 3.5.2 16.37 768.40 784.77 WARN
r-patched-solaris-x86 3.5.2 984.30 OK
r-release-linux-x86_64 3.5.2 13.06 487.89 500.95 OK
r-release-windows-ix86+x86_64 3.5.2 27.00 367.00 394.00 OK --no-vignettes
r-release-osx-x86_64 3.5.2 OK
r-oldrel-windows-ix86+x86_64 3.5.2 42.00 414.00 456.00 OK --no-vignettes
r-oldrel-osx-x86_64 3.5.2 ERROR

Check Details

Version: 3.5.2
Check: re-building of vignette outputs
Result: WARN
    Error(s) in re-building vignettes:
     ...
    --- re-building ‘STERGM.Rnw’ using knitr
    Loading required package: ergm
    Loading required package: network
    network: Classes for Relational Data
    Version 1.15 created on 2019-04-01.
    copyright (c) 2005, Carter T. Butts, University of California-Irvine
     Mark S. Handcock, University of California -- Los Angeles
     David R. Hunter, Penn State University
     Martina Morris, University of Washington
     Skye Bender-deMoll, University of Washington
     For citation information, type citation("network").
     Type help("network-package") to get started.
    
    
    ergm: version 3.9.4, created on 2018-08-15
    Copyright (c) 2018, Mark S. Handcock, University of California -- Los Angeles
     David R. Hunter, Penn State University
     Carter T. Butts, University of California -- Irvine
     Steven M. Goodreau, University of Washington
     Pavel N. Krivitsky, University of Wollongong
     Martina Morris, University of Washington
     with contributions from
     Li Wang
     Kirk Li, University of Washington
     Skye Bender-deMoll, University of Washington
    Based on "statnet" project software (statnet.org).
    For license and citation information see statnet.org/attribution
    or type citation("ergm").
    
    NOTE: Versions before 3.6.1 had a bug in the
    implementation of the bd() constriant which distorted
    the sampled distribution somewhat. In addition,
    Sampson's Monks datasets had mislabeled vertices. See
    the NEWS and the documentation for more details.
    
    Loading required package: networkDynamic
    
    networkDynamic: version 0.10.0, created on 2019-04-04
    Copyright (c) 2019, Carter T. Butts, University of California -- Irvine
     Ayn Leslie-Cook, University of Washington
     Pavel N. Krivitsky, University of Wollongong
     Skye Bender-deMoll, University of Washington
     with contributions from
     Zack Almquist, University of California -- Irvine
     David R. Hunter, Penn State University
     Li Wang
     Kirk Li, University of Washington
     Steven M. Goodreau, University of Washington
     Jeffrey Horner
     Martina Morris, University of Washington
    Based on "statnet" project software (statnet.org).
    For license and citation information see statnet.org/attribution
    or type citation("networkDynamic").
    
    
    tergm: version 3.5.2, created on 2018-08-18
    Copyright (c) 2018, Pavel N. Krivitsky, University of Wollongong
     Mark S. Handcock, University of California -- Los Angeles
     with contributions from
     David R. Hunter, Penn State University
     Steven M. Goodreau, University of Washington
     Martina Morris, University of Washington
     Nicole Bohme Carnegie, New York University
     Carter T. Butts, University of California -- Irvine
     Ayn Leslie-Cook, University of Washington
     Skye Bender-deMoll
     Li Wang
     Kirk Li, University of Washington
    Based on "statnet" project software (statnet.org).
    For license and citation information see statnet.org/attribution
    or type citation("tergm").
    
    Killed
Flavor: r-patched-linux-x86_64

Version: 3.5.2
Check: package dependencies
Result: ERROR
    Packages required and available but unsuitable versions:
     ‘ergm’ ‘statnet.common’
    
    See section ‘The DESCRIPTION file’ in the ‘Writing R Extensions’
    manual.
Flavor: r-oldrel-osx-x86_64