CRAN Package Check Results for Package texreg

Last updated on 2019-04-21 01:48:08 CEST.

Flavor Version Tinstall Tcheck Ttotal Status Flags
r-devel-linux-x86_64-debian-clang 1.36.23 10.94 83.01 93.95 NOTE
r-devel-linux-x86_64-debian-gcc 1.36.23 10.62 67.54 78.16 NOTE
r-devel-linux-x86_64-fedora-clang 1.36.23 107.33 NOTE
r-devel-linux-x86_64-fedora-gcc 1.36.23 100.14 NOTE
r-devel-windows-ix86+x86_64 1.36.23 21.00 124.00 145.00 OK
r-patched-linux-x86_64 1.36.23 10.19 85.00 95.19 NOTE
r-patched-solaris-x86 1.36.23 144.20 NOTE
r-release-linux-x86_64 1.36.23 10.38 81.72 92.10 NOTE
r-release-windows-ix86+x86_64 1.36.23 13.00 125.00 138.00 OK
r-release-osx-x86_64 1.36.23 OK
r-oldrel-windows-ix86+x86_64 1.36.23 4.00 122.00 126.00 OK
r-oldrel-osx-x86_64 1.36.23 OK

Check Details

Version: 1.36.23
Check: package dependencies
Result: NOTE
    Package which this enhances but not available for checking: 'mnlogit'
Flavors: r-devel-linux-x86_64-debian-clang, r-devel-linux-x86_64-debian-gcc, r-devel-linux-x86_64-fedora-clang, r-devel-linux-x86_64-fedora-gcc, r-patched-linux-x86_64, r-patched-solaris-x86, r-release-linux-x86_64