CRAN Package Check Results for Package tosca

Last updated on 2019-04-21 01:48:09 CEST.

Flavor Version Tinstall Tcheck Ttotal Status Flags
r-devel-linux-x86_64-debian-clang 0.1-4 9.70 195.15 204.85 OK
r-devel-linux-x86_64-debian-gcc 0.1-4 10.07 173.34 183.41 OK
r-devel-linux-x86_64-fedora-clang 0.1-4 232.36 NOTE
r-devel-linux-x86_64-fedora-gcc 0.1-4 243.28 NOTE
r-devel-windows-ix86+x86_64 0.1-4 23.00 307.00 330.00 NOTE
r-patched-linux-x86_64 0.1-4 11.16 190.01 201.17 OK
r-patched-solaris-x86 0.1-4 392.10 NOTE
r-release-linux-x86_64 0.1-4 7.74 199.76 207.50 OK
r-release-windows-ix86+x86_64 0.1-4 14.00 321.00 335.00 NOTE
r-release-osx-x86_64 0.1-4 NOTE
r-oldrel-windows-ix86+x86_64 0.1-4 11.00 329.00 340.00 NOTE
r-oldrel-osx-x86_64 0.1-4 NOTE

Check Details

Version: 0.1-4
Check: installed package size
Result: NOTE
     installed size is 5.6Mb
     sub-directories of 1Mb or more:
     data 4.7Mb
Flavors: r-devel-linux-x86_64-fedora-clang, r-devel-windows-ix86+x86_64, r-patched-solaris-x86, r-release-windows-ix86+x86_64, r-release-osx-x86_64, r-oldrel-windows-ix86+x86_64, r-oldrel-osx-x86_64

Version: 0.1-4
Check: data for non-ASCII characters
Result: NOTE
     Note: found 1946 marked UTF-8 strings
Flavors: r-devel-linux-x86_64-fedora-clang, r-devel-linux-x86_64-fedora-gcc, r-patched-solaris-x86, r-release-osx-x86_64, r-oldrel-osx-x86_64