CRAN Package Check Results for Package ufs

Last updated on 2019-04-21 01:48:09 CEST.

Flavor Version Tinstall Tcheck Ttotal Status Flags
r-devel-linux-x86_64-debian-clang 0.2.0 10.04 67.20 77.24 OK
r-devel-linux-x86_64-debian-gcc 0.2.0 10.23 55.00 65.23 OK
r-devel-linux-x86_64-fedora-clang 0.2.0 89.54 NOTE
r-devel-linux-x86_64-fedora-gcc 0.2.0 91.95 NOTE
r-devel-windows-ix86+x86_64 0.2.0 23.00 85.00 108.00 OK
r-patched-linux-x86_64 0.2.0 10.93 66.42 77.35 OK
r-patched-solaris-x86 0.2.0 115.50 NOTE
r-release-linux-x86_64 0.2.0 8.50 65.48 73.98 OK
r-release-windows-ix86+x86_64 0.2.0 13.00 84.00 97.00 OK
r-release-osx-x86_64 0.2.0 NOTE
r-oldrel-windows-ix86+x86_64 0.2.0 4.00 6.00 10.00 ERROR
r-oldrel-osx-x86_64 0.2.0 ERROR

Check Details

Version: 0.2.0
Check: dependencies in R code
Result: NOTE
    Namespace in Imports field not imported from: ‘viridis’
     All declared Imports should be used.
Flavors: r-devel-linux-x86_64-fedora-clang, r-devel-linux-x86_64-fedora-gcc, r-patched-solaris-x86, r-release-osx-x86_64

Version: 0.2.0
Check: package dependencies
Result: ERROR
    Packages required and available but unsuitable versions: 'grDevices' 'grid'
    
    See section 'The DESCRIPTION file' in the 'Writing R Extensions'
    manual.
Flavors: r-oldrel-windows-ix86+x86_64, r-oldrel-osx-x86_64