CRAN Package Check Results for Package uniformly

Last updated on 2019-04-21 01:48:09 CEST.

Flavor Version Tinstall Tcheck Ttotal Status Flags
r-devel-linux-x86_64-debian-clang 0.1.0 2.36 24.35 26.71 OK
r-devel-linux-x86_64-debian-gcc 0.1.0 2.59 22.90 25.49 OK
r-devel-linux-x86_64-fedora-clang 0.1.0 32.55 OK
r-devel-linux-x86_64-fedora-gcc 0.1.0 32.33 OK
r-devel-windows-ix86+x86_64 0.1.0 9.00 37.00 46.00 OK
r-patched-linux-x86_64 0.1.0 2.20 24.66 26.86 OK
r-patched-solaris-x86 0.1.0 45.90 WARN
r-release-linux-x86_64 0.1.0 1.73 23.70 25.43 OK
r-release-windows-ix86+x86_64 0.1.0 4.00 40.00 44.00 OK
r-release-osx-x86_64 0.1.0 WARN
r-oldrel-windows-ix86+x86_64 0.1.0 4.00 55.00 59.00 OK
r-oldrel-osx-x86_64 0.1.0 WARN

Check Details

Version: 0.1.0
Check: re-building of vignette outputs
Result: WARN
    Error(s) in re-building vignettes:
     ...
    --- re-building ‘convexhull.Rmd’ using rmarkdown
    Warning in engine$weave(file, quiet = quiet, encoding = enc) :
     Pandoc (>= 1.12.3) and/or pandoc-citeproc not available. Falling back to R Markdown v1.
    Quitting from lines 93-98 (convexhull.Rmd)
    Error: processing vignette 'convexhull.Rmd' failed with diagnostics:
    cannot open the connection
    --- failed re-building ‘convexhull.Rmd’
    
    SUMMARY: processing the following file failed:
     ‘convexhull.Rmd’
    
    Error: Vignette re-building failed.
    Execution halted
Flavor: r-patched-solaris-x86

Version: 0.1.0
Check: re-building of vignette outputs
Result: WARN
    Error in re-building vignettes:
     ...
    Warning in engine$weave(file, quiet = quiet, encoding = enc) :
     Pandoc (>= 1.12.3) and/or pandoc-citeproc not available. Falling back to R Markdown v1.
    Loading required package: magic
    Loading required package: abind
    
     PLEASE NOTE: As of version 0.3-5, no degenerate (zero area)
     regions are returned with the "Qt" option since the R
     code removes them from the triangulation.
     See help("delaunayn").
    
    
    Quitting from lines 93-98 (convexhull.Rmd)
    Error: processing vignette 'convexhull.Rmd' failed with diagnostics:
    cannot open the connection
    Execution halted
Flavors: r-release-osx-x86_64, r-oldrel-osx-x86_64