CRAN Package Check Results for Package upmfit

Last updated on 2019-04-21 01:48:09 CEST.

Flavor Version Tinstall Tcheck Ttotal Status Flags
r-devel-linux-x86_64-debian-clang 0.1.0 1.48 29.27 30.75 OK
r-devel-linux-x86_64-debian-gcc 0.1.0 1.94 27.39 29.33 OK
r-devel-linux-x86_64-fedora-clang 0.1.0 39.65 NOTE
r-devel-linux-x86_64-fedora-gcc 0.1.0 41.60 NOTE
r-devel-windows-ix86+x86_64 0.1.0 6.00 43.00 49.00 NOTE
r-patched-linux-x86_64 0.1.0 1.83 29.57 31.40 OK
r-patched-solaris-x86 0.1.0 111.20 NOTE
r-release-linux-x86_64 0.1.0 1.00 28.00 29.00 OK
r-release-windows-ix86+x86_64 0.1.0 2.00 46.00 48.00 NOTE
r-release-osx-x86_64 0.1.0 NOTE
r-oldrel-windows-ix86+x86_64 0.1.0 2.00 62.00 64.00 NOTE
r-oldrel-osx-x86_64 0.1.0 NOTE

Check Details

Version: 0.1.0
Check: dependencies in R code
Result: NOTE
    Namespace in Imports field not imported from: ‘mcmcplots’
     All declared Imports should be used.
Flavors: r-devel-linux-x86_64-fedora-clang, r-devel-linux-x86_64-fedora-gcc, r-patched-solaris-x86, r-release-osx-x86_64, r-oldrel-osx-x86_64

Version: 0.1.0
Check: package dependencies
Result: NOTE
    Package suggested but not available for checking: 'doMC'
Flavors: r-devel-windows-ix86+x86_64, r-release-windows-ix86+x86_64, r-oldrel-windows-ix86+x86_64