Last updated on 2019-04-21 01:48:09 CEST.
Flavor | Version | Tinstall | Tcheck | Ttotal | Status | Flags |
---|---|---|---|---|---|---|
r-devel-linux-x86_64-debian-clang | 0.9.2 | 2.45 | 27.46 | 29.91 | OK | |
r-devel-linux-x86_64-debian-gcc | 0.9.2 | 2.57 | 25.16 | 27.73 | OK | |
r-devel-linux-x86_64-fedora-clang | 0.9.2 | 35.98 | OK | |||
r-devel-linux-x86_64-fedora-gcc | 0.9.2 | 35.51 | OK | |||
r-devel-windows-ix86+x86_64 | 0.9.2 | 7.00 | 61.00 | 68.00 | OK | |
r-patched-linux-x86_64 | 0.9.2 | 2.46 | 27.13 | 29.59 | OK | |
r-patched-solaris-x86 | 0.9.2 | 59.60 | OK | |||
r-release-linux-x86_64 | 0.9.2 | 1.53 | 26.42 | 27.95 | OK | |
r-release-windows-ix86+x86_64 | 0.9.2 | 4.00 | 44.00 | 48.00 | OK | |
r-release-osx-x86_64 | 0.9.2 | OK | ||||
r-oldrel-windows-ix86+x86_64 | 0.9.2 | 4.00 | 60.00 | 64.00 | OK | |
r-oldrel-osx-x86_64 | 0.9.2 | WARN |
Version: 0.9.2
Check: re-building of vignette outputs
Result: WARN
Error in re-building vignettes:
...
Warning in engine$weave(file, quiet = quiet, encoding = enc) :
Pandoc (>= 1.12.3) and/or pandoc-citeproc not available. Falling back to R Markdown v1.
Quitting from lines 126-127 (Tutorial.Rmd)
Error: processing vignette 'Tutorial.Rmd' failed with diagnostics:
lexical error: invalid char in json text.
<!DOCTYPE html PUBLIC "-//W3C//
(right here) ------^
Execution halted
Flavor: r-oldrel-osx-x86_64