Last updated on 2019-04-21 01:48:10 CEST.
Flavor | Version | Tinstall | Tcheck | Ttotal | Status | Flags |
---|---|---|---|---|---|---|
r-devel-linux-x86_64-debian-clang | 2.0.0 | 5.57 | 55.55 | 61.12 | OK | |
r-devel-linux-x86_64-debian-gcc | 2.0.0 | 5.34 | 44.86 | 50.20 | OK | |
r-devel-linux-x86_64-fedora-clang | 2.0.0 | 68.66 | OK | |||
r-devel-linux-x86_64-fedora-gcc | 2.0.0 | 67.69 | OK | |||
r-devel-windows-ix86+x86_64 | 2.0.0 | 26.00 | 110.00 | 136.00 | OK | |
r-patched-linux-x86_64 | 2.0.0 | 5.32 | 51.52 | 56.84 | OK | |
r-patched-solaris-x86 | 2.0.0 | 103.40 | OK | |||
r-release-linux-x86_64 | 2.0.0 | 3.97 | 50.75 | 54.72 | OK | |
r-release-windows-ix86+x86_64 | 2.0.0 | 7.00 | 67.00 | 74.00 | OK | |
r-release-osx-x86_64 | 2.0.0 | OK | ||||
r-oldrel-osx-x86_64 | 1.0.0 | ERROR |
Version: 1.0.0
Check: whether package can be installed
Result: ERROR
Installation failed.
Flavor: r-oldrel-osx-x86_64