CRAN Package Check Results for Package walrus

Last updated on 2019-04-21 01:48:10 CEST.

Flavor Version Tinstall Tcheck Ttotal Status Flags
r-devel-linux-x86_64-debian-clang 1.0.3 12.95 23.95 36.90 OK
r-devel-linux-x86_64-debian-gcc 1.0.3 12.38 22.17 34.55 OK
r-devel-linux-x86_64-fedora-clang 1.0.3 48.04 NOTE
r-devel-linux-x86_64-fedora-gcc 1.0.3 45.85 NOTE
r-devel-windows-ix86+x86_64 1.0.3 24.00 36.00 60.00 OK
r-patched-linux-x86_64 1.0.3 13.00 23.96 36.96 OK
r-patched-solaris-x86 1.0.3 64.30 NOTE
r-release-linux-x86_64 1.0.3 14.62 23.25 37.87 OK
r-release-windows-ix86+x86_64 1.0.3 16.00 56.00 72.00 OK
r-release-osx-x86_64 1.0.3 NOTE
r-oldrel-windows-ix86+x86_64 1.0.3 4.00 49.00 53.00 OK
r-oldrel-osx-x86_64 1.0.3 NOTE

Check Details

Version: 1.0.3
Check: dependencies in R code
Result: NOTE
    Namespaces in Imports field not imported from:
     ‘R6’ ‘WRS2’ ‘ggplot2’
     All declared Imports should be used.
Flavors: r-devel-linux-x86_64-fedora-clang, r-devel-linux-x86_64-fedora-gcc, r-patched-solaris-x86, r-release-osx-x86_64, r-oldrel-osx-x86_64