CRAN Package Check Results for Package wavelets

Last updated on 2019-04-21 01:48:10 CEST.

Flavor Version Tinstall Tcheck Ttotal Status Flags
r-devel-linux-x86_64-debian-clang 0.3-0.1 5.94 37.67 43.61 OK
r-devel-linux-x86_64-debian-gcc 0.3-0.1 6.39 33.39 39.78 OK
r-devel-linux-x86_64-fedora-clang 0.3-0.1 51.76 NOTE
r-devel-linux-x86_64-fedora-gcc 0.3-0.1 50.23 NOTE
r-devel-windows-ix86+x86_64 0.3-0.1 14.00 56.00 70.00 OK
r-patched-linux-x86_64 0.3-0.1 5.24 37.94 43.18 OK
r-patched-solaris-x86 0.3-0.1 71.10 OK
r-release-linux-x86_64 0.3-0.1 4.13 34.80 38.93 OK
r-release-windows-ix86+x86_64 0.3-0.1 10.00 49.00 59.00 OK
r-release-osx-x86_64 0.3-0.1 OK
r-oldrel-windows-ix86+x86_64 0.3-0.1 8.00 51.00 59.00 OK
r-oldrel-osx-x86_64 0.3-0.1 OK

Check Details

Version: 0.3-0.1
Check: compiled code
Result: NOTE
    File ‘wavelets/libs/wavelets.so’:
     Found no calls to: ‘R_registerRoutines’, ‘R_useDynamicSymbols’
    
    It is good practice to register native routines and to disable symbol
    search.
    
    See ‘Writing portable packages’ in the ‘Writing R Extensions’ manual.
Flavors: r-devel-linux-x86_64-fedora-clang, r-devel-linux-x86_64-fedora-gcc