CRAN Package Check Results for Package zoocat

Last updated on 2019-04-21 01:48:11 CEST.

Flavor Version Tinstall Tcheck Ttotal Status Flags
r-devel-linux-x86_64-debian-clang 0.2.0.1 4.20 43.28 47.48 NOTE
r-devel-linux-x86_64-debian-gcc 0.2.0.1 4.95 37.21 42.16 NOTE
r-devel-linux-x86_64-fedora-clang 0.2.0.1 55.93 NOTE
r-devel-linux-x86_64-fedora-gcc 0.2.0.1 53.60 NOTE
r-devel-windows-ix86+x86_64 0.2.0.1 13.00 61.00 74.00 NOTE
r-patched-linux-x86_64 0.2.0.1 4.10 42.22 46.32 NOTE
r-patched-solaris-x86 0.2.0.1 97.60 NOTE
r-release-linux-x86_64 0.2.0.1 3.35 39.60 42.95 NOTE
r-release-windows-ix86+x86_64 0.2.0.1 6.00 80.00 86.00 NOTE
r-release-osx-x86_64 0.2.0.1 NOTE
r-oldrel-windows-ix86+x86_64 0.2.0.1 8.00 84.00 92.00 NOTE
r-oldrel-osx-x86_64 0.2.0.1 NOTE

Check Details

Version: 0.2.0.1
Check: Rd \usage sections
Result: NOTE
    S3 methods shown with full name in documentation object 'merge':
     'cbind.zoocat'
    
    The \usage entries for S3 methods should use the \method markup and not
    their full name.
    See chapter 'Writing R documentation files' in the 'Writing R
    Extensions' manual.
Flavors: r-devel-linux-x86_64-debian-clang, r-devel-linux-x86_64-debian-gcc, r-devel-linux-x86_64-fedora-clang, r-devel-linux-x86_64-fedora-gcc, r-devel-windows-ix86+x86_64, r-patched-linux-x86_64, r-patched-solaris-x86, r-release-linux-x86_64, r-release-windows-ix86+x86_64, r-release-osx-x86_64, r-oldrel-windows-ix86+x86_64, r-oldrel-osx-x86_64