CRAN Package Check Results for Package AWR

Last updated on 2019-04-22 01:47:29 CEST.

Flavor Version Tinstall Tcheck Ttotal Status Flags
r-devel-linux-x86_64-debian-clang 1.11.189 4.04 23.67 27.71 OK
r-devel-linux-x86_64-debian-gcc 1.11.189 3.28 18.59 21.87 OK
r-devel-linux-x86_64-fedora-clang 1.11.189 34.26 NOTE
r-devel-linux-x86_64-fedora-gcc 1.11.189 32.62 OK
r-devel-windows-ix86+x86_64 1.11.189 73.00 41.00 114.00 NOTE
r-patched-linux-x86_64 1.11.189 4.31 23.45 27.76 OK
r-patched-solaris-x86 1.11.189 50.00 NOTE
r-release-linux-x86_64 1.11.189 2.83 22.59 25.42 OK
r-release-windows-ix86+x86_64 1.11.189 71.00 32.00 103.00 NOTE
r-release-osx-x86_64 1.11.189 NOTE
r-oldrel-windows-ix86+x86_64 1.11.189 67.00 60.00 127.00 NOTE
r-oldrel-osx-x86_64 1.11.189 NOTE

Check Details

Version: 1.11.189
Check: installed package size
Result: NOTE
     installed size is 67.2Mb
     sub-directories of 1Mb or more:
     java 67.2Mb
Flavors: r-devel-linux-x86_64-fedora-clang, r-devel-windows-ix86+x86_64, r-patched-solaris-x86, r-release-windows-ix86+x86_64, r-release-osx-x86_64, r-oldrel-windows-ix86+x86_64, r-oldrel-osx-x86_64