Last updated on 2019-04-22 01:47:29 CEST.
Flavor | Version | Tinstall | Tcheck | Ttotal | Status | Flags |
---|---|---|---|---|---|---|
r-devel-linux-x86_64-debian-clang | 0.1.1 | 2.96 | 31.09 | 34.05 | OK | |
r-devel-linux-x86_64-debian-gcc | 0.1.1 | 2.23 | 25.10 | 27.33 | OK | |
r-devel-linux-x86_64-fedora-clang | 0.1.1 | 41.60 | OK | |||
r-devel-linux-x86_64-fedora-gcc | 0.1.1 | 39.62 | OK | |||
r-devel-windows-ix86+x86_64 | 0.1.1 | 9.00 | 59.00 | 68.00 | OK | |
r-patched-linux-x86_64 | 0.1.1 | 2.65 | 30.73 | 33.38 | OK | |
r-patched-solaris-x86 | 0.1.1 | 64.00 | OK | |||
r-release-linux-x86_64 | 0.1.1 | 1.69 | 29.46 | 31.15 | OK | |
r-release-windows-ix86+x86_64 | 0.1.1 | 4.00 | 62.00 | 66.00 | OK | |
r-release-osx-x86_64 | 0.1.1 | OK | ||||
r-oldrel-osx-x86_64 | 0.1.1 | ERROR |
Version: 0.1.1
Check: whether package can be installed
Result: ERROR
Installation failed.
Flavor: r-oldrel-osx-x86_64