Last updated on 2019-04-22 01:47:29 CEST.
Flavor | Version | Tinstall | Tcheck | Ttotal | Status | Flags |
---|---|---|---|---|---|---|
r-devel-linux-x86_64-debian-clang | 0.10.0 | 223.18 | 150.37 | 373.55 | OK | |
r-devel-linux-x86_64-debian-gcc | 0.10.0 | 190.68 | 121.55 | 312.23 | OK | |
r-devel-linux-x86_64-fedora-clang | 0.10.0 | 615.66 | NOTE | |||
r-devel-linux-x86_64-fedora-gcc | 0.10.0 | 521.71 | OK | |||
r-devel-windows-ix86+x86_64 | 0.10.0 | 580.00 | 188.00 | 768.00 | OK | |
r-patched-linux-x86_64 | 0.10.0 | 211.39 | 149.55 | 360.94 | OK | |
r-patched-solaris-x86 | 0.10.0 | 538.70 | OK | |||
r-release-linux-x86_64 | 0.10.0 | 218.19 | 147.74 | 365.93 | OK | |
r-release-windows-ix86+x86_64 | 0.10.0 | 452.00 | 150.00 | 602.00 | OK | |
r-release-osx-x86_64 | 0.10.0 | NOTE | ||||
r-oldrel-windows-ix86+x86_64 | 0.10.0 | 428.00 | 185.00 | 613.00 | OK | |
r-oldrel-osx-x86_64 | 0.10.0 | NOTE |
Version: 0.10.0
Check: installed package size
Result: NOTE
installed size is 15.5Mb
sub-directories of 1Mb or more:
libs 14.8Mb
Flavors: r-devel-linux-x86_64-fedora-clang, r-release-osx-x86_64, r-oldrel-osx-x86_64