CRAN Package Check Results for Package BALCONY

Last updated on 2019-04-22 01:47:30 CEST.

Flavor Version Tinstall Tcheck Ttotal Status Flags
r-devel-linux-x86_64-debian-clang 0.2.10 15.25 146.99 162.24 OK
r-devel-linux-x86_64-debian-gcc 0.2.10 13.09 113.16 126.25 OK
r-devel-linux-x86_64-fedora-clang 0.2.10 194.08 NOTE
r-devel-linux-x86_64-fedora-gcc 0.2.10 198.22 NOTE
r-devel-windows-ix86+x86_64 0.2.10 47.00 209.00 256.00 OK
r-patched-linux-x86_64 0.2.10 15.71 146.47 162.18 OK
r-patched-solaris-x86 0.2.10 276.30 NOTE
r-release-linux-x86_64 0.2.10 11.79 145.42 157.21 OK
r-release-windows-ix86+x86_64 0.2.10 23.00 149.00 172.00 OK
r-release-osx-x86_64 0.2.10 NOTE
r-oldrel-windows-ix86+x86_64 0.2.10 25.00 211.00 236.00 OK
r-oldrel-osx-x86_64 0.2.10 NOTE

Check Details

Version: 0.2.10
Check: dependencies in R code
Result: NOTE
    Namespace in Imports field not imported from: ‘base’
     All declared Imports should be used.
Flavors: r-devel-linux-x86_64-fedora-clang, r-devel-linux-x86_64-fedora-gcc, r-patched-solaris-x86, r-release-osx-x86_64, r-oldrel-osx-x86_64