Last updated on 2019-04-22 01:47:31 CEST.
Flavor | Version | Tinstall | Tcheck | Ttotal | Status | Flags |
---|---|---|---|---|---|---|
r-devel-linux-x86_64-debian-clang | 2.2 | 10.21 | 180.77 | 190.98 | OK | |
r-devel-linux-x86_64-debian-gcc | 2.2 | 10.70 | 139.95 | 150.65 | OK | |
r-devel-linux-x86_64-fedora-clang | 2.2 | 236.82 | OK | |||
r-devel-linux-x86_64-fedora-gcc | 2.2 | 280.62 | OK | |||
r-devel-windows-ix86+x86_64 | 2.2 | 31.00 | 232.00 | 263.00 | OK | |
r-patched-linux-x86_64 | 2.2 | 13.97 | 177.09 | 191.06 | OK | |
r-patched-solaris-x86 | 2.2 | 420.90 | OK | |||
r-release-linux-x86_64 | 2.2 | 6.50 | 172.68 | 179.18 | NOTE | |
r-release-windows-ix86+x86_64 | 2.2 | 14.00 | 251.00 | 265.00 | OK | |
r-release-osx-x86_64 | 2.2 | OK | ||||
r-oldrel-windows-ix86+x86_64 | 2.2 | 13.00 | 240.00 | 253.00 | OK | |
r-oldrel-osx-x86_64 | 2.2 | ERROR |
Version: 2.2
Check: DESCRIPTION meta-information
Result: NOTE
Dependence on R version ‘3.3.1’ not with patchlevel 0
Flavor: r-release-linux-x86_64
Version: 2.2
Check: package dependencies
Result: NOTE
Packages suggested but not available for checking: ‘GO.db’ ‘org.Hs.eg.db’
Flavor: r-oldrel-osx-x86_64
Version: 2.2
Check: whether package can be installed
Result: ERROR
Installation failed.
Flavor: r-oldrel-osx-x86_64