Last updated on 2019-04-22 01:47:31 CEST.
Flavor | Version | Tinstall | Tcheck | Ttotal | Status | Flags |
---|---|---|---|---|---|---|
r-devel-linux-x86_64-debian-clang | 1.0.0 | 8.77 | 64.01 | 72.78 | OK | |
r-devel-linux-x86_64-debian-gcc | 1.0.0 | 8.08 | 49.95 | 58.03 | OK | |
r-devel-linux-x86_64-fedora-clang | 1.0.0 | 87.49 | NOTE | |||
r-devel-linux-x86_64-fedora-gcc | 1.0.0 | 106.99 | NOTE | |||
r-devel-windows-ix86+x86_64 | 1.0.0 | 27.00 | 126.00 | 153.00 | OK | |
r-patched-linux-x86_64 | 1.0.0 | 9.27 | 63.38 | 72.65 | OK | |
r-patched-solaris-x86 | 1.0.0 | 132.30 | NOTE | |||
r-release-linux-x86_64 | 1.0.0 | 7.22 | 62.35 | 69.57 | OK | |
r-release-windows-ix86+x86_64 | 1.0.0 | 16.00 | 83.00 | 99.00 | OK | |
r-release-osx-x86_64 | 1.0.0 | NOTE | ||||
r-oldrel-windows-ix86+x86_64 | 1.0.0 | 13.00 | 122.00 | 135.00 | OK | |
r-oldrel-osx-x86_64 | 1.0.0 | NOTE |
Version: 1.0.0
Check: dependencies in R code
Result: NOTE
Namespaces in Imports field not imported from:
‘Rcpp’ ‘knitr’ ‘rmarkdown’
All declared Imports should be used.
Flavors: r-devel-linux-x86_64-fedora-clang, r-devel-linux-x86_64-fedora-gcc, r-patched-solaris-x86, r-release-osx-x86_64, r-oldrel-osx-x86_64