Last updated on 2019-04-22 01:47:33 CEST.
Flavor | Version | Tinstall | Tcheck | Ttotal | Status | Flags |
---|---|---|---|---|---|---|
r-devel-linux-x86_64-debian-clang | 1.0.1.1 | 5.48 | 18.22 | 23.70 | OK | |
r-devel-linux-x86_64-debian-gcc | 1.0.1.1 | 3.88 | 14.62 | 18.50 | OK | |
r-devel-linux-x86_64-fedora-clang | 1.0.1.1 | 31.84 | NOTE | |||
r-devel-linux-x86_64-fedora-gcc | 1.0.1.1 | 28.96 | NOTE | |||
r-devel-windows-ix86+x86_64 | 1.0.1.1 | 17.00 | 49.00 | 66.00 | OK | |
r-patched-linux-x86_64 | 1.0.1.1 | 4.82 | 18.16 | 22.98 | OK | |
r-patched-solaris-x86 | 1.0.1.1 | 46.90 | OK | |||
r-release-linux-x86_64 | 1.0.1.1 | 3.98 | 17.21 | 21.19 | OK | |
r-release-windows-ix86+x86_64 | 1.0.1.1 | 12.00 | 39.00 | 51.00 | OK | |
r-release-osx-x86_64 | 1.0.1.1 | OK | ||||
r-oldrel-windows-ix86+x86_64 | 1.0.1.1 | 10.00 | 36.00 | 46.00 | OK | |
r-oldrel-osx-x86_64 | 1.0.1.1 | OK |
Version: 1.0.1.1
Check: compiled code
Result: NOTE
File ‘CIFsmry/libs/CIFsmry.so’:
Found no calls to: ‘R_registerRoutines’, ‘R_useDynamicSymbols’
It is good practice to register native routines and to disable symbol
search.
See ‘Writing portable packages’ in the ‘Writing R Extensions’ manual.
Flavors: r-devel-linux-x86_64-fedora-clang, r-devel-linux-x86_64-fedora-gcc