Last updated on 2019-04-22 01:47:33 CEST.
Flavor | Version | Tinstall | Tcheck | Ttotal | Status | Flags |
---|---|---|---|---|---|---|
r-devel-linux-x86_64-debian-clang | 1.1.53 | 15.00 | 149.13 | 164.13 | OK | |
r-devel-linux-x86_64-debian-gcc | 1.1.53 | 12.80 | 114.38 | 127.18 | OK | |
r-devel-linux-x86_64-fedora-clang | 1.1.53 | 192.89 | NOTE | |||
r-devel-linux-x86_64-fedora-gcc | 1.1.53 | 205.22 | NOTE | |||
r-devel-windows-ix86+x86_64 | 1.1.53 | 54.00 | 191.00 | 245.00 | OK | |
r-patched-linux-x86_64 | 1.1.53 | 15.88 | 148.31 | 164.19 | OK | |
r-patched-solaris-x86 | 1.1.53 | 293.30 | NOTE | |||
r-release-linux-x86_64 | 1.1.53 | 11.32 | 149.11 | 160.43 | OK | |
r-release-windows-ix86+x86_64 | 1.1.53 | 23.00 | 208.00 | 231.00 | OK | |
r-release-osx-x86_64 | 1.1.53 | NOTE | ||||
r-oldrel-windows-ix86+x86_64 | 1.1.53 | 33.00 | 230.00 | 263.00 | OK | |
r-oldrel-osx-x86_64 | 1.1.53 | NOTE |
Version: 1.1.53
Check: dependencies in R code
Result: NOTE
Namespace in Imports field not imported from: ‘circlize’
All declared Imports should be used.
Flavors: r-devel-linux-x86_64-fedora-clang, r-devel-linux-x86_64-fedora-gcc, r-patched-solaris-x86, r-release-osx-x86_64, r-oldrel-osx-x86_64