CRAN Package Check Results for Package CTRE

Last updated on 2019-04-22 01:47:34 CEST.

Flavor Version Tinstall Tcheck Ttotal Status Flags
r-devel-linux-x86_64-debian-clang 0.1.0 2.23 28.73 30.96 OK
r-devel-linux-x86_64-debian-gcc 0.1.0 1.63 22.67 24.30 OK
r-devel-linux-x86_64-fedora-clang 0.1.0 36.76 NOTE
r-devel-linux-x86_64-fedora-gcc 0.1.0 37.78 NOTE
r-devel-windows-ix86+x86_64 0.1.0 7.00 56.00 63.00 OK
r-patched-linux-x86_64 0.1.0 2.02 28.41 30.43 OK
r-patched-solaris-x86 0.1.0 52.20 NOTE
r-release-linux-x86_64 0.1.0 1.31 27.97 29.28 OK
r-release-windows-ix86+x86_64 0.1.0 3.00 40.00 43.00 OK
r-release-osx-x86_64 0.1.0 NOTE
r-oldrel-windows-ix86+x86_64 0.1.0 5.00 51.00 56.00 OK
r-oldrel-osx-x86_64 0.1.0 NOTE

Check Details

Version: 0.1.0
Check: dependencies in R code
Result: NOTE
    Namespace in Imports field not imported from: ‘tea’
     All declared Imports should be used.
Flavors: r-devel-linux-x86_64-fedora-clang, r-devel-linux-x86_64-fedora-gcc, r-patched-solaris-x86, r-release-osx-x86_64, r-oldrel-osx-x86_64