CRAN Package Check Results for Package Cairo

Last updated on 2019-04-22 01:47:32 CEST.

Flavor Version Tinstall Tcheck Ttotal Status Flags
r-devel-linux-x86_64-debian-clang 1.5-10 8.15 21.77 29.92 NOTE
r-devel-linux-x86_64-debian-gcc 1.5-10 5.12 17.47 22.59 NOTE
r-devel-linux-x86_64-fedora-clang 1.5-10 35.64 NOTE
r-devel-linux-x86_64-fedora-gcc 1.5-10 36.27 NOTE
r-devel-windows-ix86+x86_64 1.5-10 40.00 63.00 103.00 NOTE
r-patched-linux-x86_64 1.5-10 6.13 21.56 27.69 NOTE
r-patched-solaris-x86 1.5-10 52.10 NOTE
r-release-linux-x86_64 1.5-10 5.31 18.45 23.76 NOTE
r-release-windows-ix86+x86_64 1.5-10 34.00 120.00 154.00 NOTE
r-release-osx-x86_64 1.5-10 NOTE
r-oldrel-windows-ix86+x86_64 1.5-10 55.00 36.00 91.00 OK
r-oldrel-osx-x86_64 1.5-10 NOTE

Additional issues

rchk

Check Details

Version: 1.5-10
Check: compiled code
Result: NOTE
    File 'Cairo/libs/Cairo.so':
     Found non-API calls to R: 'R_InputHandlers', 'addInputHandler'
    
    Compiled code should not call non-API entry points in R.
    
    See 'Writing portable packages' in the 'Writing R Extensions' manual.
Flavors: r-devel-linux-x86_64-debian-clang, r-devel-linux-x86_64-debian-gcc, r-devel-linux-x86_64-fedora-clang, r-devel-linux-x86_64-fedora-gcc, r-patched-linux-x86_64, r-patched-solaris-x86, r-release-linux-x86_64, r-release-osx-x86_64, r-oldrel-osx-x86_64

Version: 1.5-10
Check: package dependencies
Result: NOTE
    Package which this enhances but not available for checking: 'FastRWeb'
Flavors: r-devel-windows-ix86+x86_64, r-patched-solaris-x86, r-release-windows-ix86+x86_64

Version: 1.5-10
Check: whether package can be installed
Result: NOTE
    Found the following notes/warnings:
     Non-staged installation was used
Flavor: r-devel-windows-ix86+x86_64