Last updated on 2019-04-22 01:47:32 CEST.
Flavor | Version | Tinstall | Tcheck | Ttotal | Status | Flags |
---|---|---|---|---|---|---|
r-devel-linux-x86_64-debian-clang | 0.1-1 | 1.24 | 17.48 | 18.72 | NOTE | |
r-devel-linux-x86_64-debian-gcc | 0.1-1 | 1.18 | 14.15 | 15.33 | NOTE | |
r-devel-linux-x86_64-fedora-clang | 0.1-1 | 22.61 | NOTE | |||
r-devel-linux-x86_64-fedora-gcc | 0.1-1 | 23.41 | NOTE | |||
r-devel-windows-ix86+x86_64 | 0.1-1 | 6.00 | 39.00 | 45.00 | NOTE | |
r-patched-linux-x86_64 | 0.1-1 | 1.44 | 17.54 | 18.98 | NOTE | |
r-patched-solaris-x86 | 0.1-1 | 35.60 | NOTE | |||
r-release-linux-x86_64 | 0.1-1 | 0.82 | 16.80 | 17.62 | NOTE | |
r-release-windows-ix86+x86_64 | 0.1-1 | 2.00 | 39.00 | 41.00 | NOTE | |
r-release-osx-x86_64 | 0.1-1 | NOTE | ||||
r-oldrel-windows-ix86+x86_64 | 0.1-1 | 2.00 | 40.00 | 42.00 | NOTE | |
r-oldrel-osx-x86_64 | 0.1-1 | NOTE |
Version: 0.1-1
Check: DESCRIPTION meta-information
Result: NOTE
Malformed Description field: should contain one or more complete sentences.
Flavors: r-devel-linux-x86_64-debian-clang, r-devel-linux-x86_64-debian-gcc, r-devel-linux-x86_64-fedora-clang, r-devel-linux-x86_64-fedora-gcc, r-devel-windows-ix86+x86_64, r-patched-linux-x86_64, r-patched-solaris-x86, r-release-linux-x86_64, r-release-windows-ix86+x86_64, r-release-osx-x86_64, r-oldrel-windows-ix86+x86_64, r-oldrel-osx-x86_64