CRAN Package Check Results for Package CompRandFld

Last updated on 2019-04-22 01:47:34 CEST.

Flavor Version Tinstall Tcheck Ttotal Status Flags
r-devel-linux-x86_64-debian-clang 1.0.3-5 17.17 87.46 104.63 WARN
r-devel-linux-x86_64-debian-gcc 1.0.3-5 14.38 67.26 81.64 OK
r-devel-linux-x86_64-fedora-clang 1.0.3-5 124.64 WARN
r-devel-linux-x86_64-fedora-gcc 1.0.3-5 131.44 OK
r-devel-windows-ix86+x86_64 1.0.3-5 51.00 172.00 223.00 OK
r-patched-linux-x86_64 1.0.3-5 14.94 83.46 98.40 OK
r-patched-solaris-x86 1.0.3-5 185.20 OK
r-release-linux-x86_64 1.0.3-5 15.84 81.84 97.68 OK
r-release-windows-ix86+x86_64 1.0.3-5 38.00 168.00 206.00 OK
r-release-osx-x86_64 1.0.3-5 WARN
r-oldrel-windows-ix86+x86_64 1.0.3-5 38.00 184.00 222.00 OK
r-oldrel-osx-x86_64 1.0.3-5 OK

Check Details

Version: 1.0.3-5
Check: whether package can be installed
Result: WARN
    Found the following significant warnings:
     Utility.c:162:8: warning: explicitly assigning value of variable of type 'int' to itself [-Wself-assign]
     Utility.c:187:8: warning: explicitly assigning value of variable of type 'int' to itself [-Wself-assign]
     Utility.c:211:8: warning: explicitly assigning value of variable of type 'int' to itself [-Wself-assign]
     Utility.c:392:8: warning: explicitly assigning value of variable of type 'int' to itself [-Wself-assign]
     Utility.c:417:8: warning: explicitly assigning value of variable of type 'int' to itself [-Wself-assign]
     Utility.c:442:8: warning: explicitly assigning value of variable of type 'int' to itself [-Wself-assign]
Flavors: r-devel-linux-x86_64-debian-clang, r-devel-linux-x86_64-fedora-clang, r-release-osx-x86_64