Last updated on 2019-04-22 01:47:34 CEST.
Flavor | Version | Tinstall | Tcheck | Ttotal | Status | Flags |
---|---|---|---|---|---|---|
r-devel-linux-x86_64-debian-clang | 3.4 | 14.70 | 126.23 | 140.93 | OK | |
r-devel-linux-x86_64-debian-gcc | 3.4 | 13.43 | 97.15 | 110.58 | OK | |
r-devel-linux-x86_64-fedora-clang | 3.4 | 165.99 | OK | |||
r-devel-linux-x86_64-fedora-gcc | 3.4 | 174.31 | OK | |||
r-devel-windows-ix86+x86_64 | 3.4 | 37.00 | 187.00 | 224.00 | OK | |
r-patched-linux-x86_64 | 3.4 | 15.34 | 125.37 | 140.71 | OK | |
r-patched-solaris-x86 | 3.4 | 240.20 | OK | |||
r-release-linux-x86_64 | 3.4 | 9.82 | 123.16 | 132.98 | OK | |
r-release-windows-ix86+x86_64 | 3.4 | 19.00 | 134.00 | 153.00 | OK | |
r-release-osx-x86_64 | 3.4 | OK | ||||
r-oldrel-windows-ix86+x86_64 | 3.1 | 21.00 | 187.00 | 208.00 | OK | |
r-oldrel-osx-x86_64 | 3.4 | ERROR |
Version: 3.4
Check: whether package can be installed
Result: ERROR
Installation failed.
Flavor: r-oldrel-osx-x86_64