Last updated on 2019-04-22 01:47:34 CEST.
Flavor | Version | Tinstall | Tcheck | Ttotal | Status | Flags |
---|---|---|---|---|---|---|
r-devel-linux-x86_64-debian-clang | 0.4.2 | 12.27 | 102.15 | 114.42 | OK | |
r-devel-linux-x86_64-debian-gcc | 0.4.2 | 10.55 | 81.89 | 92.44 | OK | |
r-devel-linux-x86_64-fedora-clang | 0.4.2 | 137.84 | OK | |||
r-devel-linux-x86_64-fedora-gcc | 0.4.2 | 145.52 | OK | |||
r-devel-windows-ix86+x86_64 | 0.4.2 | 46.00 | 149.00 | 195.00 | OK | |
r-patched-linux-x86_64 | 0.4.2 | 12.15 | 100.42 | 112.57 | OK | |
r-patched-solaris-x86 | 0.4.2 | 210.10 | OK | |||
r-release-linux-x86_64 | 0.4.2 | 7.14 | 98.10 | 105.24 | OK | |
r-release-windows-ix86+x86_64 | 0.4.2 | 2.00 | 4.00 | 6.00 | ERROR | |
r-release-osx-x86_64 | 0.4.2 | OK | ||||
r-oldrel-windows-ix86+x86_64 | 0.4.2 | 28.00 | 175.00 | 203.00 | ERROR | |
r-oldrel-osx-x86_64 | 0.4.2 | OK |
Version: 0.4.2
Check: whether package can be installed
Result: ERROR
Installation failed.
Flavors: r-release-windows-ix86+x86_64, r-oldrel-windows-ix86+x86_64