CRAN Package Check Results for Package Countr

Last updated on 2019-04-22 01:47:34 CEST.

Flavor Version Tinstall Tcheck Ttotal Status Flags
r-devel-linux-x86_64-debian-clang 3.5.2 120.90 131.19 252.09 OK
r-devel-linux-x86_64-debian-gcc 3.5.2 99.70 104.65 204.35 OK
r-devel-linux-x86_64-fedora-clang 3.5.2 369.93 NOTE
r-devel-linux-x86_64-fedora-gcc 3.5.2 OK
r-devel-windows-ix86+x86_64 3.5.2 305.00 249.00 554.00 NOTE
r-patched-linux-x86_64 3.5.2 114.04 127.72 241.76 OK
r-patched-solaris-x86 3.5.2 393.10 OK
r-release-linux-x86_64 3.5.2 114.05 120.80 234.85 OK
r-release-windows-ix86+x86_64 3.5.2 222.00 190.00 412.00 NOTE
r-release-osx-x86_64 3.5.2 NOTE
r-oldrel-windows-ix86+x86_64 3.5.2 303.00 273.00 576.00 NOTE
r-oldrel-osx-x86_64 3.5.2 NOTE

Check Details

Version: 3.5.2
Check: installed package size
Result: NOTE
     installed size is 8.2Mb
     sub-directories of 1Mb or more:
     doc 1.9Mb
     libs 5.3Mb
Flavors: r-devel-linux-x86_64-fedora-clang, r-devel-windows-ix86+x86_64, r-release-windows-ix86+x86_64, r-release-osx-x86_64, r-oldrel-windows-ix86+x86_64, r-oldrel-osx-x86_64