Last updated on 2019-04-22 01:47:35 CEST.
Flavor | Version | Tinstall | Tcheck | Ttotal | Status | Flags |
---|---|---|---|---|---|---|
r-devel-linux-x86_64-debian-clang | 1.4 | 6.11 | 64.08 | 70.19 | OK | |
r-devel-linux-x86_64-debian-gcc | 1.4 | 5.36 | 50.04 | 55.40 | OK | |
r-devel-linux-x86_64-fedora-clang | 1.4 | 82.93 | NOTE | |||
r-devel-linux-x86_64-fedora-gcc | 1.4 | 87.17 | NOTE | |||
r-devel-windows-ix86+x86_64 | 1.4 | 12.00 | 88.00 | 100.00 | OK | |
r-patched-linux-x86_64 | 1.4 | 6.65 | 63.84 | 70.49 | OK | |
r-patched-solaris-x86 | 1.4 | 158.00 | NOTE | |||
r-release-linux-x86_64 | 1.4 | 6.25 | 57.97 | 64.22 | OK | |
r-release-windows-ix86+x86_64 | 1.4 | 7.00 | 91.00 | 98.00 | OK | |
r-release-osx-x86_64 | 1.4 | NOTE | ||||
r-oldrel-windows-ix86+x86_64 | 1.4 | 11.00 | 176.00 | 187.00 | OK | |
r-oldrel-osx-x86_64 | 1.4 | NOTE |
Version: 1.4
Check: dependencies in R code
Result: NOTE
Namespace in Imports field not imported from: ‘Matrix’
All declared Imports should be used.
Flavors: r-devel-linux-x86_64-fedora-clang, r-devel-linux-x86_64-fedora-gcc, r-patched-solaris-x86, r-release-osx-x86_64, r-oldrel-osx-x86_64