Last updated on 2019-04-22 01:47:36 CEST.
Flavor | Version | Tinstall | Tcheck | Ttotal | Status | Flags |
---|---|---|---|---|---|---|
r-devel-linux-x86_64-debian-clang | 5.3 | 106.23 | 212.99 | 319.22 | OK | |
r-devel-linux-x86_64-debian-gcc | 5.3 | 91.22 | 159.51 | 250.73 | OK | |
r-devel-linux-x86_64-fedora-clang | 5.3 | 417.52 | NOTE | |||
r-devel-linux-x86_64-fedora-gcc | 5.3 | 414.53 | OK | |||
r-devel-windows-ix86+x86_64 | 5.3 | 227.00 | 373.00 | 600.00 | NOTE | --no-vignettes |
r-patched-linux-x86_64 | 5.3 | 102.71 | 210.26 | 312.97 | OK | |
r-patched-solaris-x86 | 5.3 | 444.10 | NOTE | --no-build-vignettes | ||
r-release-linux-x86_64 | 5.3 | 94.57 | 209.38 | 303.95 | OK | |
r-release-windows-ix86+x86_64 | 5.3 | 180.00 | 355.00 | 535.00 | NOTE | --no-vignettes |
r-release-osx-x86_64 | 5.3 | NOTE | ||||
r-oldrel-windows-ix86+x86_64 | 5.3 | 216.00 | 399.00 | 615.00 | NOTE | --no-vignettes |
r-oldrel-osx-x86_64 | 5.3 | NOTE |
Version: 5.3
Check: installed package size
Result: NOTE
installed size is 8.1Mb
sub-directories of 1Mb or more:
R 1.5Mb
data 2.1Mb
libs 3.5Mb
Flavors: r-devel-linux-x86_64-fedora-clang, r-release-osx-x86_64, r-oldrel-osx-x86_64
Version: 5.3
Flags: --no-vignettes
Check: installed package size
Result: NOTE
installed size is 6.5Mb
sub-directories of 1Mb or more:
R 1.5Mb
data 2.1Mb
libs 2.0Mb
Flavors: r-devel-windows-ix86+x86_64, r-release-windows-ix86+x86_64, r-oldrel-windows-ix86+x86_64
Version: 5.3
Flags: --no-build-vignettes
Check: installed package size
Result: NOTE
installed size is 5.2Mb
sub-directories of 1Mb or more:
R 1.6Mb
data 2.1Mb
Flavor: r-patched-solaris-x86