CRAN Package Check Results for Package DSL

Last updated on 2019-04-22 01:47:36 CEST.

Flavor Version Tinstall Tcheck Ttotal Status Flags
r-devel-linux-x86_64-debian-clang 0.1-6 3.00 29.48 32.48 OK
r-devel-linux-x86_64-debian-gcc 0.1-6 2.39 23.89 26.28 OK
r-devel-linux-x86_64-fedora-clang 0.1-6 38.99 NOTE
r-devel-linux-x86_64-fedora-gcc 0.1-6 40.54 NOTE
r-devel-windows-ix86+x86_64 0.1-6 12.00 67.00 79.00 OK
r-patched-linux-x86_64 0.1-6 2.35 29.26 31.61 OK
r-patched-solaris-x86 0.1-6 49.60 OK --no-build-vignettes
r-release-linux-x86_64 0.1-6 2.00 28.53 30.53 OK
r-release-windows-ix86+x86_64 0.1-6 8.00 72.00 80.00 OK
r-release-osx-x86_64 0.1-6 OK
r-oldrel-windows-ix86+x86_64 0.1-6 6.00 64.00 70.00 OK
r-oldrel-osx-x86_64 0.1-6 OK

Check Details

Version: 0.1-6
Check: compiled code
Result: NOTE
    File ‘DSL/libs/DSL.so’:
     Found no calls to: ‘R_registerRoutines’, ‘R_useDynamicSymbols’
    
    It is good practice to register native routines and to disable symbol
    search.
    
    See ‘Writing portable packages’ in the ‘Writing R Extensions’ manual.
Flavors: r-devel-linux-x86_64-fedora-clang, r-devel-linux-x86_64-fedora-gcc