Last updated on 2019-04-22 01:47:35 CEST.
Flavor | Version | Tinstall | Tcheck | Ttotal | Status | Flags |
---|---|---|---|---|---|---|
r-devel-linux-x86_64-debian-clang | 2.3.0 | 6.78 | 54.58 | 61.36 | OK | |
r-devel-linux-x86_64-debian-gcc | 2.3.0 | 5.23 | 43.50 | 48.73 | OK | |
r-devel-linux-x86_64-fedora-clang | 2.3.0 | 81.64 | NOTE | |||
r-devel-linux-x86_64-fedora-gcc | 2.3.0 | 78.93 | NOTE | |||
r-devel-windows-ix86+x86_64 | 2.3.0 | 14.00 | 120.00 | 134.00 | OK | |
r-patched-linux-x86_64 | 2.3.0 | 7.88 | 55.37 | 63.25 | OK | |
r-patched-solaris-x86 | 2.3.0 | 97.20 | NOTE | |||
r-release-linux-x86_64 | 2.3.0 | 5.03 | 53.32 | 58.35 | OK | |
r-release-windows-ix86+x86_64 | 2.3.0 | 9.00 | 96.00 | 105.00 | OK | |
r-release-osx-x86_64 | 2.3.0 | NOTE | ||||
r-oldrel-windows-ix86+x86_64 | 2.3.0 | 6.00 | 123.00 | 129.00 | OK | |
r-oldrel-osx-x86_64 | 2.3.0 | NOTE |
Version: 2.3.0
Check: dependencies in R code
Result: NOTE
Namespace in Imports field not imported from: ‘DatabaseConnectorJars’
All declared Imports should be used.
Flavors: r-devel-linux-x86_64-fedora-clang, r-devel-linux-x86_64-fedora-gcc, r-patched-solaris-x86, r-release-osx-x86_64, r-oldrel-osx-x86_64