CRAN Package Check Results for Package DatabionicSwarm

Last updated on 2019-04-22 01:47:35 CEST.

Flavor Version Tinstall Tcheck Ttotal Status Flags
r-devel-linux-x86_64-debian-clang 1.1.1 109.33 122.38 231.71 OK
r-devel-linux-x86_64-debian-gcc 1.1.1 92.75 83.36 176.11 OK
r-devel-linux-x86_64-fedora-clang 1.1.1 356.70 NOTE
r-devel-linux-x86_64-fedora-gcc 1.1.1 331.36 OK
r-devel-windows-ix86+x86_64 1.1.1 313.00 328.00 641.00 OK
r-patched-linux-x86_64 1.1.1 111.09 119.94 231.03 OK
r-patched-solaris-x86 1.1.1 302.60 OK
r-release-linux-x86_64 1.1.1 107.37 124.65 232.02 OK
r-release-windows-ix86+x86_64 1.1.1 251.00 264.00 515.00 OK
r-release-osx-x86_64 1.1.1 NOTE
r-oldrel-windows-ix86+x86_64 1.1.1 348.00 323.00 671.00 OK
r-oldrel-osx-x86_64 1.1.1 NOTE

Check Details

Version: 1.1.1
Check: installed package size
Result: NOTE
     installed size is 6.2Mb
     sub-directories of 1Mb or more:
     doc 2.5Mb
     libs 3.4Mb
Flavors: r-devel-linux-x86_64-fedora-clang, r-release-osx-x86_64, r-oldrel-osx-x86_64