Last updated on 2019-04-22 01:47:36 CEST.
Flavor | Version | Tinstall | Tcheck | Ttotal | Status | Flags |
---|---|---|---|---|---|---|
r-devel-linux-x86_64-debian-clang | 2.0 | 8.71 | 60.66 | 69.37 | OK | |
r-devel-linux-x86_64-debian-gcc | 2.0 | 7.32 | 46.14 | 53.46 | OK | |
r-devel-linux-x86_64-fedora-clang | 2.0 | 87.74 | NOTE | |||
r-devel-linux-x86_64-fedora-gcc | 2.0 | NOTE | ||||
r-devel-windows-ix86+x86_64 | 2.0 | 20.00 | 124.00 | 144.00 | OK | |
r-patched-linux-x86_64 | 2.0 | 10.43 | 60.52 | 70.95 | OK | |
r-patched-solaris-x86 | 2.0 | 105.40 | OK | |||
r-release-linux-x86_64 | 2.0 | 6.10 | 59.38 | 65.48 | OK | |
r-release-windows-ix86+x86_64 | 2.0 | 12.00 | 125.00 | 137.00 | OK | |
r-release-osx-x86_64 | 2.0 | OK | ||||
r-oldrel-windows-ix86+x86_64 | 2.0 | 7.00 | 126.00 | 133.00 | OK | |
r-oldrel-osx-x86_64 | 2.0 | OK |
Version: 2.0
Check: compiled code
Result: NOTE
File ‘DiceOptim/libs/DiceOptim.so’:
Found no calls to: ‘R_registerRoutines’, ‘R_useDynamicSymbols’
It is good practice to register native routines and to disable symbol
search.
See ‘Writing portable packages’ in the ‘Writing R Extensions’ manual.
Flavors: r-devel-linux-x86_64-fedora-clang, r-devel-linux-x86_64-fedora-gcc