CRAN Package Check Results for Package DiversityOccupancy

Last updated on 2019-04-22 01:47:36 CEST.

Flavor Version Tinstall Tcheck Ttotal Status Flags
r-devel-linux-x86_64-debian-clang 1.0.6 17.01 148.49 165.50 OK
r-devel-linux-x86_64-debian-gcc 1.0.6 14.84 114.91 129.75 OK
r-devel-linux-x86_64-fedora-clang 1.0.6 194.34 OK
r-devel-linux-x86_64-fedora-gcc 1.0.6 201.67 OK
r-devel-windows-ix86+x86_64 1.0.6 57.00 201.00 258.00 OK
r-patched-linux-x86_64 1.0.6 15.23 143.36 158.59 OK
r-patched-solaris-x86 1.0.6 297.80 OK
r-release-linux-x86_64 1.0.6 11.38 141.71 153.09 OK
r-release-windows-ix86+x86_64 1.0.6 23.00 154.00 177.00 OK
r-release-osx-x86_64 1.0.6 OK
r-oldrel-windows-ix86+x86_64 1.0.6 37.00 206.00 243.00 OK
r-oldrel-osx-x86_64 1.0.6 NOTE

Check Details

Version: 1.0.6
Check: package dependencies
Result: NOTE
    Package suggested but not available for checking: ‘rgdal’
Flavor: r-oldrel-osx-x86_64