CRAN Package Check Results for Package EcoIndR

Last updated on 2019-04-22 01:47:37 CEST.

Flavor Version Tinstall Tcheck Ttotal Status Flags
r-devel-linux-x86_64-debian-clang 1.5 4.45 35.53 39.98 OK
r-devel-linux-x86_64-debian-gcc 1.5 3.81 28.52 32.33 OK
r-devel-linux-x86_64-fedora-clang 1.5 48.21 NOTE
r-devel-linux-x86_64-fedora-gcc 1.5 49.48 NOTE
r-devel-windows-ix86+x86_64 1.5 10.00 60.00 70.00 OK
r-patched-linux-x86_64 1.5 5.26 36.15 41.41 OK
r-patched-solaris-x86 1.5 70.50 NOTE
r-release-linux-x86_64 1.5 3.88 32.87 36.75 OK
r-release-windows-ix86+x86_64 1.5 6.00 59.00 65.00 OK
r-release-osx-x86_64 1.5 NOTE
r-oldrel-windows-ix86+x86_64 1.5 2.00 61.00 63.00 OK
r-oldrel-osx-x86_64 1.5 NOTE

Check Details

Version: 1.5
Check: dependencies in R code
Result: NOTE
    Namespace in Imports field not imported from: ‘rgeos’
     All declared Imports should be used.
Flavors: r-devel-linux-x86_64-fedora-clang, r-devel-linux-x86_64-fedora-gcc, r-patched-solaris-x86, r-release-osx-x86_64, r-oldrel-osx-x86_64