Last updated on 2019-04-22 01:47:37 CEST.
Flavor | Version | Tinstall | Tcheck | Ttotal | Status | Flags |
---|---|---|---|---|---|---|
r-devel-linux-x86_64-debian-clang | 1.0 | 1.60 | 17.89 | 19.49 | NOTE | |
r-devel-linux-x86_64-debian-gcc | 1.0 | 1.30 | 14.51 | 15.81 | NOTE | |
r-devel-linux-x86_64-fedora-clang | 1.0 | 23.40 | NOTE | |||
r-devel-linux-x86_64-fedora-gcc | 1.0 | 24.31 | NOTE | |||
r-devel-windows-ix86+x86_64 | 1.0 | 6.00 | 35.00 | 41.00 | NOTE | |
r-patched-linux-x86_64 | 1.0 | 1.38 | 17.82 | 19.20 | NOTE | |
r-patched-solaris-x86 | 1.0 | 35.20 | NOTE | |||
r-release-linux-x86_64 | 1.0 | 1.01 | 16.70 | 17.71 | NOTE | |
r-release-windows-ix86+x86_64 | 1.0 | 2.00 | 25.00 | 27.00 | NOTE | |
r-release-osx-x86_64 | 1.0 | NOTE | ||||
r-oldrel-windows-ix86+x86_64 | 1.0 | 2.00 | 25.00 | 27.00 | NOTE | |
r-oldrel-osx-x86_64 | 1.0 | NOTE |
Version: 1.0
Check: R code for possible problems
Result: NOTE
FCIplot: no visible global function definition for 'na.omit'
FCIplot: no visible global function definition for 'plot'
FCIplot: no visible global function definition for 'tail'
FCIplot: no visible global function definition for 'grid'
FCIplot: no visible global function definition for 'polygon'
FCIplot: no visible global function definition for 'rgb'
linpred: no visible global function definition for 'lm'
mplott: no visible global function definition for 'par'
mplott: no visible global function definition for 'plot'
mplott: no visible global function definition for 'na.omit'
mplott: no visible global function definition for 'lines'
mplott: no visible global function definition for 'legend'
mplott: no visible global function definition for 'grid'
plott: no visible global function definition for 'lines'
plott: no visible global function definition for 'par'
plott: no visible global function definition for 'plot'
plott: no visible global function definition for 'grid'
tsideplot: no visible global function definition for 'par'
tsideplot: no visible global function definition for 'plot'
tsideplot: no visible global function definition for 'axis'
tsideplot: no visible global function definition for 'grid'
Undefined global functions or variables:
axis grid legend lines lm na.omit par plot polygon rgb tail
Consider adding
importFrom("grDevices", "rgb")
importFrom("graphics", "axis", "grid", "legend", "lines", "par",
"plot", "polygon")
importFrom("stats", "lm", "na.omit")
importFrom("utils", "tail")
to your NAMESPACE file.
Flavors: r-devel-linux-x86_64-debian-clang, r-devel-linux-x86_64-debian-gcc, r-devel-linux-x86_64-fedora-clang, r-devel-linux-x86_64-fedora-gcc, r-devel-windows-ix86+x86_64, r-patched-linux-x86_64, r-patched-solaris-x86, r-release-linux-x86_64, r-release-windows-ix86+x86_64, r-release-osx-x86_64, r-oldrel-windows-ix86+x86_64, r-oldrel-osx-x86_64