CRAN Package Check Results for Package GMMAT

Last updated on 2019-04-22 01:47:40 CEST.

Flavor Version Tinstall Tcheck Ttotal Status Flags
r-devel-linux-x86_64-debian-clang 1.0.4 47.03 394.82 441.85 OK
r-devel-linux-x86_64-debian-gcc 1.0.4 38.49 310.96 349.45 OK
r-devel-linux-x86_64-fedora-clang 1.0.4 538.88 OK
r-devel-linux-x86_64-fedora-gcc 1.0.4 1.80 ERROR
r-devel-windows-ix86+x86_64 1.0.4 120.00 566.00 686.00 NOTE
r-patched-linux-x86_64 1.0.4 46.14 292.64 338.78 OK
r-patched-solaris-x86 1.0.4 3.90 ERROR
r-release-linux-x86_64 1.0.4 38.38 286.79 325.17 OK
r-release-windows-ix86+x86_64 1.0.4 72.00 487.00 559.00 NOTE
r-release-osx-x86_64 1.0.4 ERROR
r-oldrel-windows-ix86+x86_64 1.0.4 67.00 571.00 638.00 NOTE
r-oldrel-osx-x86_64 1.0.4 ERROR

Check Details

Version: 1.0.4
Check: package dependencies
Result: ERROR
    Packages required but not available: 'SeqArray', 'SeqVarTools'
    
    See section ‘The DESCRIPTION file’ in the ‘Writing R Extensions’
    manual.
Flavors: r-devel-linux-x86_64-fedora-gcc, r-patched-solaris-x86

Version: 1.0.4
Check: package dependencies
Result: NOTE
    Package suggested but not available for checking: 'doMC'
Flavors: r-devel-windows-ix86+x86_64, r-release-windows-ix86+x86_64, r-oldrel-windows-ix86+x86_64

Version: 1.0.4
Check: package dependencies
Result: ERROR
    Packages required but not available: ‘SeqArray’ ‘SeqVarTools’
    
    See section ‘The DESCRIPTION file’ in the ‘Writing R Extensions’
    manual.
Flavors: r-release-osx-x86_64, r-oldrel-osx-x86_64