Last updated on 2019-04-22 01:47:40 CEST.
Flavor | Version | Tinstall | Tcheck | Ttotal | Status | Flags |
---|---|---|---|---|---|---|
r-devel-linux-x86_64-debian-clang | 0.4.0.11 | 11.58 | 64.41 | 75.99 | OK | |
r-devel-linux-x86_64-debian-gcc | 0.4.0.11 | 9.35 | 51.08 | 60.43 | OK | |
r-devel-linux-x86_64-fedora-clang | 0.4.0.11 | 91.28 | OK | |||
r-devel-linux-x86_64-fedora-gcc | 0.4.0.11 | 93.56 | OK | |||
r-devel-windows-ix86+x86_64 | 0.4.0.11 | 37.00 | 107.00 | 144.00 | OK | |
r-patched-linux-x86_64 | 0.4.0.11 | 11.26 | 64.61 | 75.87 | OK | |
r-patched-solaris-x86 | 0.4.0.11 | 118.60 | OK | |||
r-release-linux-x86_64 | 0.4.0.11 | 10.67 | 58.57 | 69.24 | OK | |
r-release-windows-ix86+x86_64 | 0.4.0.11 | 17.00 | 5.00 | 22.00 | ERROR | |
r-release-osx-x86_64 | 0.4.0.11 | OK | ||||
r-oldrel-windows-ix86+x86_64 | 0.4.0.11 | 20.00 | 114.00 | 134.00 | OK | |
r-oldrel-osx-x86_64 | 0.4.0.11 | OK |
Version: 0.4.0.11
Check: whether package can be installed
Result: ERROR
Installation failed.
Flavor: r-release-windows-ix86+x86_64