Last updated on 2019-04-22 01:47:40 CEST.
Flavor | Version | Tinstall | Tcheck | Ttotal | Status | Flags |
---|---|---|---|---|---|---|
r-devel-linux-x86_64-debian-clang | 1.0.1 | 31.96 | 365.50 | 397.46 | OK | |
r-devel-linux-x86_64-debian-gcc | 1.0.1 | 26.23 | 294.75 | 320.98 | OK | |
r-devel-linux-x86_64-fedora-clang | 1.0.1 | 561.01 | OK | |||
r-devel-linux-x86_64-fedora-gcc | 1.0.1 | 539.69 | OK | |||
r-devel-windows-ix86+x86_64 | 1.0.1 | 25.00 | 6.00 | 31.00 | ERROR | |
r-patched-linux-x86_64 | 1.0.1 | 31.27 | 360.96 | 392.23 | OK | |
r-patched-solaris-x86 | 1.0.1 | 767.20 | OK | |||
r-release-linux-x86_64 | 1.0.1 | 19.80 | 354.64 | 374.44 | OK | |
r-release-windows-ix86+x86_64 | 1.0.1 | 47.00 | 346.00 | 393.00 | OK | |
r-release-osx-x86_64 | 1.0.1 | ERROR | ||||
r-oldrel-windows-ix86+x86_64 | 1.0.1 | 1.00 | 6.00 | 7.00 | ERROR | |
r-oldrel-osx-x86_64 | 1.0.1 | ERROR |
Version: 1.0.1
Check: whether package can be installed
Result: ERROR
Installation failed.
Flavor: r-devel-windows-ix86+x86_64
Version: 1.0.1
Check: package dependencies
Result: ERROR
Packages required but not available:
‘tximport’ ‘EnsDb.Hsapiens.v86’ ‘EnsDb.Rnorvegicus.v79’
‘EnsDb.Mmusculus.v79’ ‘org.Mm.eg.db’ ‘org.Rn.eg.db’ ‘GenomicFeatures’
See section ‘The DESCRIPTION file’ in the ‘Writing R Extensions’
manual.
Flavor: r-release-osx-x86_64
Version: 1.0.1
Check: package dependencies
Result: ERROR
Packages required but not available:
'EnsDb.Hsapiens.v86' 'EnsDb.Mmusculus.v79' 'org.Rn.eg.db'
See section 'The DESCRIPTION file' in the 'Writing R Extensions'
manual.
Flavor: r-oldrel-windows-ix86+x86_64
Version: 1.0.1
Check: package dependencies
Result: ERROR
Packages required but not available:
‘tximport’ ‘EnsDb.Hsapiens.v86’ ‘EnsDb.Rnorvegicus.v79’
‘EnsDb.Mmusculus.v79’ ‘org.Hs.eg.db’ ‘org.Mm.eg.db’ ‘org.Rn.eg.db’
See section ‘The DESCRIPTION file’ in the ‘Writing R Extensions’
manual.
Flavor: r-oldrel-osx-x86_64