Last updated on 2019-04-22 01:47:41 CEST.
Flavor | Version | Tinstall | Tcheck | Ttotal | Status | Flags |
---|---|---|---|---|---|---|
r-devel-linux-x86_64-debian-clang | 4.2 | 76.37 | 58.69 | 135.06 | OK | |
r-devel-linux-x86_64-debian-gcc | 4.2 | 55.12 | 46.14 | 101.26 | OK | |
r-devel-linux-x86_64-fedora-clang | 4.2 | 192.48 | NOTE | |||
r-devel-linux-x86_64-fedora-gcc | 4.2 | 179.48 | OK | |||
r-devel-windows-ix86+x86_64 | 4.2 | 173.00 | 148.00 | 321.00 | OK | |
r-patched-linux-x86_64 | 4.2 | 68.76 | 57.97 | 126.73 | OK | |
r-patched-solaris-x86 | 4.2 | 198.80 | OK | |||
r-release-linux-x86_64 | 4.2 | 67.63 | 54.71 | 122.34 | OK | |
r-release-windows-ix86+x86_64 | 4.2 | 129.00 | 102.00 | 231.00 | OK | |
r-release-osx-x86_64 | 4.2 | OK | ||||
r-oldrel-windows-ix86+x86_64 | 4.2 | 124.00 | 96.00 | 220.00 | OK | |
r-oldrel-osx-x86_64 | 4.1 | NOTE |
Version: 4.2
Check: installed package size
Result: NOTE
installed size is 5.1Mb
sub-directories of 1Mb or more:
libs 4.6Mb
Flavor: r-devel-linux-x86_64-fedora-clang
Version: 4.1
Check: dependencies in R code
Result: NOTE
Namespace in Imports field not imported from: ‘rrcov’
All declared Imports should be used.
Flavor: r-oldrel-osx-x86_64