CRAN Package Check Results for Package GeneNet

Last updated on 2019-04-22 01:47:39 CEST.

Flavor Version Tinstall Tcheck Ttotal Status Flags
r-devel-linux-x86_64-debian-clang 1.2.13 2.31 23.03 25.34 OK
r-devel-linux-x86_64-debian-gcc 1.2.13 1.80 18.86 20.66 OK
r-devel-linux-x86_64-fedora-clang 1.2.13 30.91 OK
r-devel-linux-x86_64-fedora-gcc 1.2.13 31.94 OK
r-devel-windows-ix86+x86_64 1.2.13 6.00 48.00 54.00 OK
r-patched-linux-x86_64 1.2.13 2.10 23.00 25.10 OK
r-patched-solaris-x86 1.2.13 46.60 OK
r-release-linux-x86_64 1.2.13 1.55 21.27 22.82 OK
r-release-windows-ix86+x86_64 1.2.13 2.00 31.00 33.00 OK
r-release-osx-x86_64 1.2.13 OK
r-oldrel-windows-ix86+x86_64 1.2.13 2.00 34.00 36.00 OK
r-oldrel-osx-x86_64 1.2.13 NOTE

Check Details

Version: 1.2.13
Check: package dependencies
Result: NOTE
    Packages suggested but not available for checking: ‘graph’ ‘Rgraphviz’
Flavor: r-oldrel-osx-x86_64