Last updated on 2019-04-22 01:47:42 CEST.
Flavor | Version | Tinstall | Tcheck | Ttotal | Status | Flags |
---|---|---|---|---|---|---|
r-devel-linux-x86_64-debian-clang | 1.0-9 | 3.68 | 206.34 | 210.02 | OK | |
r-devel-linux-x86_64-debian-gcc | 1.0-9 | 2.92 | 164.03 | 166.95 | OK | |
r-devel-linux-x86_64-fedora-clang | 1.0-9 | 260.72 | NOTE | |||
r-devel-linux-x86_64-fedora-gcc | 1.0-9 | 269.21 | OK | |||
r-devel-windows-ix86+x86_64 | 1.0-9 | 14.00 | 72.00 | 86.00 | OK | --no-vignettes |
r-patched-linux-x86_64 | 1.0-9 | 3.57 | 203.61 | 207.18 | OK | |
r-patched-solaris-x86 | 1.0-9 | 385.50 | NOTE | |||
r-release-linux-x86_64 | 1.0-9 | 2.64 | 176.38 | 179.02 | OK | |
r-release-windows-ix86+x86_64 | 1.0-9 | 8.00 | 77.00 | 85.00 | OK | --no-vignettes |
r-release-osx-x86_64 | 1.0-9 | OK | ||||
r-oldrel-windows-ix86+x86_64 | 1.0-9 | 8.00 | 74.00 | 82.00 | OK | --no-vignettes |
r-oldrel-osx-x86_64 | 1.0-9 | OK |
Version: 1.0-9
Check: installed package size
Result: NOTE
installed size is 5.0Mb
sub-directories of 1Mb or more:
doc 3.7Mb
Flavors: r-devel-linux-x86_64-fedora-clang, r-patched-solaris-x86