CRAN Package Check Results for Package HistogramTools

Last updated on 2019-04-22 01:47:41 CEST.

Flavor Version Tinstall Tcheck Ttotal Status Flags
r-devel-linux-x86_64-debian-clang 0.3.2 8.64 98.66 107.30 OK
r-devel-linux-x86_64-debian-gcc 0.3.2 7.60 77.90 85.50 OK
r-devel-linux-x86_64-fedora-clang 0.3.2 129.52 OK
r-devel-linux-x86_64-fedora-gcc 0.3.2 139.11 OK
r-devel-windows-ix86+x86_64 0.3.2 27.00 157.00 184.00 OK
r-patched-linux-x86_64 0.3.2 8.57 96.48 105.05 OK
r-patched-solaris-x86 0.3.2 199.00 NOTE
r-release-linux-x86_64 0.3.2 5.35 86.89 92.24 OK
r-release-windows-ix86+x86_64 0.3.2 12.00 116.00 128.00 OK
r-release-osx-x86_64 0.3.2 OK
r-oldrel-windows-ix86+x86_64 0.3.2 17.00 150.00 167.00 OK
r-oldrel-osx-x86_64 0.3.2 NOTE

Check Details

Version: 0.3.2
Check: package dependencies
Result: NOTE
    Package which this enhances but not available for checking: ‘RProtoBuf’
Flavors: r-patched-solaris-x86, r-oldrel-osx-x86_64

Version: 0.3.2
Check: Rd cross-references
Result: NOTE
    Package unavailable to check Rd xrefs: ‘RProtoBuf’
Flavors: r-patched-solaris-x86, r-oldrel-osx-x86_64