CRAN Package Check Results for Package IBrokers

Last updated on 2019-04-22 01:47:42 CEST.

Flavor Version Tinstall Tcheck Ttotal Status Flags
r-devel-linux-x86_64-debian-clang 0.9-12 6.27 43.79 50.06 NOTE
r-devel-linux-x86_64-debian-gcc 0.9-12 3.73 35.50 39.23 NOTE
r-devel-linux-x86_64-fedora-clang 0.9-12 59.96 NOTE
r-devel-linux-x86_64-fedora-gcc 0.9-12 61.87 NOTE
r-devel-windows-ix86+x86_64 0.9-12 12.00 95.00 107.00 NOTE
r-patched-linux-x86_64 0.9-12 5.28 44.89 50.17 NOTE
r-patched-solaris-x86 0.9-12 82.30 NOTE
r-release-linux-x86_64 0.9-12 4.74 42.35 47.09 NOTE
r-release-windows-ix86+x86_64 0.9-12 7.00 88.00 95.00 NOTE
r-release-osx-x86_64 0.9-12 NOTE
r-oldrel-windows-ix86+x86_64 0.9-12 3.00 94.00 97.00 NOTE
r-oldrel-osx-x86_64 0.9-12 NOTE

Check Details

Version: 0.9-12
Check: R code for possible problems
Result: NOTE
    ..placeOrder: no visible global function definition for 'str'
    .reqMktData.vignette: no visible global function definition for
     'flush.console'
    e_portfolio_value: no visible global function definition for 'str'
    print.eventPortfolioValue: no visible global function definition for
     'str'
    print.twsContract: no visible global function definition for 'str'
    print.twsContractDetails: no visible global function definition for
     'str'
    print.twsOrder: no visible global function definition for 'str'
    print.twsOrderState: no visible global function definition for 'str'
    print.twsScannerSubscription: no visible global function definition for
     'str'
    reqAccountUpdates: no visible binding for global variable 'timestamp'
    reqContractDetails: no visible binding for global variable 'timestamp'
    reqHistoricalData: no visible global function definition for
     'flush.console'
    reqHistoricalData: no visible global function definition for
     'write.table'
    Undefined global functions or variables:
     flush.console str timestamp write.table
    Consider adding
     importFrom("utils", "flush.console", "str", "timestamp", "write.table")
    to your NAMESPACE file.
Flavors: r-devel-linux-x86_64-debian-clang, r-devel-linux-x86_64-debian-gcc, r-devel-linux-x86_64-fedora-clang, r-devel-linux-x86_64-fedora-gcc, r-devel-windows-ix86+x86_64, r-patched-linux-x86_64, r-patched-solaris-x86, r-release-linux-x86_64, r-release-windows-ix86+x86_64, r-release-osx-x86_64, r-oldrel-windows-ix86+x86_64, r-oldrel-osx-x86_64